3 and y?
13
Let v be 26/5 - (-3)/(4 - 19). Let j = 7 - 4. Let a be ((-30)/4)/(j/(-8)). Calculate the highest common divisor of v and a.
5
Let y be ((-13)/(13/(-40)))/1. Calculate the greatest common factor of y and 90.
10
Let z be 14*(-2)/6*-3. Let q = 38 + -26. Suppose -z*a + q*a = -40. What is the greatest common factor of a and 10?
10
Let o(u) = u**2 - 4*u - 12. Let l be o(-5). Calculate the greatest common factor of l and 165.
33
Suppose -10*s + 7144 = -6606. What is the greatest common divisor of 55 and s?
55
Let r be (-3)/((-18)/4)*(-8208)/(-32). Calculate the highest common factor of 19 and r.
19
Suppose 6*u + 0*u - 270 = 0. Suppose 4*p - 173 + u = 0. What is the highest common factor of p and 352?
32
Let q = 1051 + 901. Calculate the highest common factor of 61 and q.
61
Let w be (53/159)/(1/156). Calculate the highest common divisor of w and 130.
26
Suppose -d = 1 - 3. Suppose 42 = 5*z + 3*t, -5*t + 10 = -2*z + d. Calculate the greatest common factor of 3 and z.
3
Suppose 10*u - 5593 = -37*u. Calculate the highest common divisor of u and 7.
7
Let z be (24/5)/(288/3840). Calculate the highest common divisor of 128 and z.
64
Suppose 490*d - 493*d = -273. Calculate the greatest common factor of 175 and d.
7
Suppose -6*t = -4*t - 120. Let s be ((-4)/(-3) - 1)/(58/2088). What is the greatest common factor of s and t?
12
Let x(z) = 6*z - 2. Let p be x(4). Suppose 150*k = 148*k + 22. What is the greatest common factor of k and p?
11
Suppose -362*m + 364*m = 154. Calculate the highest common divisor of m and 88.
11
Let a(x) = -44*x**2 + 32*x - 32*x + 1. Let w be a(2). Let u be (w/10)/(1/(-2)). Calculate the highest common factor of 5 and u.
5
Let l be -2 + (-5)/((-10)/36). Let q = -6 + l. Let m = -102 + 132. What is the greatest common factor of q and m?
10
Let j be 12/48 + -1 + (-91)/(-4). What is the highest common divisor of 55 and j?
11
Suppose 3*s = 2 - 11. Let l be 4 + s + (-3)/(-1). Let c be l/3*21/14. Calculate the highest common factor of 8 and c.
2
Suppose p = 2*a + 28, -a = -p + 19 + 5. Let k be (-19)/(-1) - (-1 - 0). Calculate the greatest common divisor of p and k.
20
Let d(n) = -3*n - 3. Let f be d(-1). Suppose f = -5*s - 68 + 248. Let z = 75 + 15. Calculate the greatest common divisor of s and z.
18
Let x(g) = g - 1. Let w(l) = l - 11. Let a(j) = w(j) + 6*x(j). Let u be a(11). Suppose 27 - 99 = -3*y. Calculate the highest common divisor of u and y.
12
Let d = -4 + 8. Suppose d*u - 6*u + 22 = 0. What is the greatest common factor of 55 and u?
11
Let o be ((-18)/7)/((-3)/21). Let y be (o + 2)*13/4. Let n be -1 + 1 - (-15 - 2 - -4). Calculate the highest common divisor of n and y.
13
Suppose 83 = -3*c - 2*f, -68 - 3 = 3*c - f. Let k = 7 - c. What is the greatest common factor of 256 and k?
32
Let o(k) = -36*k + 6. Let w be o(-2). Suppose 0 = 2*f + 5*q - 221, -f + w = -0*f - 4*q. What is the greatest common divisor of 14 and f?
14
Suppose 3*t - 3*k = 861 - 198, -4*k = 4*t - 908. Suppose 3*q - 109 = -16*y + 11*y, 4*q = 7*y + 77. What is the greatest common factor of q and t?
28
Let a be 48/(-120) + ((-3891)/(-15) - -2). Calculate the highest common factor of 9 and a.
9
Let l be 303/33 - 8/44. Suppose -4*h = -h - l. Calculate the greatest common divisor of h and 6.
3
Let g be 30/25 - (1149/(-5) + 3). Calculate the highest common divisor of g and 96.
12
Let w be (4 + -3 - -26) + 3. Suppose 7*i - 3*i = 16. Suppose i*r + r = 50. What is the greatest common factor of w and r?
10
Suppose 2 + 68 = 2*m. Suppose 0 = -33*h + m*h - 168. What is the greatest common factor of h and 21?
21
Let w be (-3)/(-4)*348/(-9)*-1. What is the highest common divisor of 725 and w?
29
Suppose 24*k = 2853 - 189. What is the greatest common divisor of k and 37?
37
Let a = 250 - 226. Suppose -4*z + k = -241, -5*z + 290 + 9 = k. What is the greatest common factor of a and z?
12
Let u be 9/2*1984/48. What is the highest common divisor of 6 and u?
6
Let q = 1755 - 1569. Calculate the highest common divisor of 12 and q.
6
Suppose -2*l + 0 = -12. Let j = -17 - -33. Suppose -3*s - 20 = -4*k - 1, 3*k - 4*s - j = 0. Calculate the greatest common divisor of l and k.
2
Suppose -4*g - 271 = -k, 4*g = 2*g + 4*k - 146. Let f = g + 96. What is the highest common divisor of f and 29?
29
Let b(s) = -s**3 + 7*s**2 - 5*s - 3. Let h be b(4). Suppose -2*c - h + 443 = 0. Let f be 28/(-4) + (19 - -7). Calculate the greatest common factor of c and f.
19
Let n(v) = -v**2 + 18*v + 15. Let g be n(0). Suppose -1 + 5 = -4*b. Let m be (b - -3) + 119 + -1. Calculate the highest common factor of m and g.
15
Suppose -2*t + 5*o + 33 = -23, 68 = 2*t + o. Let f = -36 - -201. What is the greatest common divisor of t and f?
33
Let j be 1398/82 - 288/5904. Suppose -2*d - d = 0. Let r be 0 + 85*(1 - d). What is the greatest common divisor of r and j?
17
Let h be (-3)/(2/(-4 + 2)). Suppose h = 2*w - 3. Let r be w/(-2) + (-105)/(-14). Calculate the greatest common factor of r and 6.
6
Suppose 2*r = 12 + 12. Let g be r/(-72) + (-110)/(-12). Calculate the highest common divisor of g and 81.
9
Suppose 5*p - 364 = 256. Let f = p - 113. Calculate the highest common factor of 2 and f.
1
Let o(c) = -c**3 + 6*c**2 + 29*c - 116. Let j be o(6). What is the greatest common divisor of j and 986?
58
Let u = 9 + -4. Suppose 5*m + 3 = -b + 29, m + u*b - 10 = 0. Let c = -1 - -6. What is the highest common factor of c and m?
5
Let j(s) be the first derivative of s**2/2 + 19*s - 14. Let i be j(6). Calculate the highest common divisor of 75 and i.
25
Let r be 5 + (-1 - -38 - (-4 - -2)). Calculate the greatest common factor of r and 44.
44
Let k be (-1)/12*-27*152. What is the greatest common factor of 38 and k?
38
Suppose -5*x - 2*s = -319, x - 2*s + 40 = 99. Let u(w) = 5*w - 6 - 2*w + 3 + 0*w. Let h be u(4). Calculate the greatest common factor of x and h.
9
Suppose -3*u = 2*c - 3*c - 11, -2*u - 5*c = 4. Suppose 2*y + 135 = u*h, -5*h + y = -y - 225. What is the highest common divisor of h and 5?
5
Let x(n) = n**2 + 10*n + 18. Let o = 4 + -12. Let h be x(o). What is the greatest common divisor of h and 26?
2
Let t(x) = -x**2 - 6*x. Let j be t(-6). Suppose 627 = 3*y + b, -y - 3*b + 7*b + 209 = j. Calculate the highest common factor of y and 19.
19
Let r be 136/(1 + 8/(-10)). Suppose -509 = -3*m + n, 4*n - r = -4*m + 6*n. Calculate the highest common factor of 13 and m.
13
Let c = 362 - 250. Suppose 7*a = -21 + c. What is the highest common divisor of 65 and a?
13
Let j be -6*14/56*(-8)/6. Suppose -i + 73 = 3*y + j*y, -2*y = -i - 32. Calculate the greatest common divisor of y and 45.
15
Suppose -5*n + 0*n = -3*l - 177, l - 73 = -2*n. Suppose -4*c = -c - 1188. Calculate the greatest common factor of c and n.
36
Suppose -p + 75 = -2*j + 6*j, 5*j = 3*p - 242. Let z = p - 51. Calculate the highest common divisor of z and 14.
14
Suppose -5*x + 3*j + 124 = 0, -4*x + 121 - 9 = 4*j. Let w be 3*1/(-4)*-312. Calculate the highest common factor of w and x.
26
Suppose -w - 2 - 59 = -r, -3*w + 5*r - 175 = 0. Let b = w - -146. Calculate the greatest common divisor of b and 27.
27
Let w be (-9)/((-90)/170) + 7. What is the highest common factor of 3228 and w?
12
Suppose 36 = v + 81. Let t = 57 + v. What is the greatest common divisor of t and 96?
12
Let g(h) = 65 - 22 - 27 - 24 - 19*h. Let y be g(-3). What is the highest common divisor of 7 and y?
7
Let w(j) = -j**3 - 3*j**2 + 3*j + 5. Let a = -3 + -1. Let o be w(a). Suppose 4*l = 3*h - 11, h = -3*l - h + 13. What is the highest common factor of o and l?
1
Let v be (24/20)/(2/5). Suppose 0 = 2*n - 1 + v. Let s be (n - 1) + (-14 - -52). Calculate the greatest common factor of 24 and s.
12
Suppose v + 13*v - 42 = 0. Suppose 10*l + 6 = 13*l. What is the highest common factor of v and l?
1
Let x(l) = 2*l**3 - 8*l**2 + 22*l - 10. Let m be x(5). What is the highest common factor of m and 18?
6
Suppose 9*y - 228 = -10*y. Suppose -3*i + 469 = -j, -315 = -0*i - 2*i + 3*j. What is the greatest common divisor of i and y?
12
Let j = -24 + 51. Suppose l - u - j = -2*l, 5*u - 9 = -3*l. Let a be 23/1 - 24/l. Calculate the highest common divisor of a and 60.
20
Suppose 4*d = 3*d + 24. Let h = d - 13. What is the greatest common factor of h and 11?
11
Suppose 5*q + 3 = -22. Let u(l) = 3*l**2 + 9*l -